t o be k(2). Suppose 0 = 2*x - 4*y + 24 + 58, -x - 5*y - o = 0. Let i = 57 - x. What is the tens digit of i?
9
Suppose 6*y - 11501 = 16015. What is the units digit of y?
6
Suppose -7*h + 9*h + 37 = 3*k, 4*k + 5*h - 80 = 0. What is the units digit of (-5313)/(-9) - 20/k?
9
Let s be ((51*1)/3)/(-41 + 40). What is the tens digit of (s - -14)*(-192)/9?
6
Suppose 2*d + 53 - 65 = 0, d + 82058 = 4*b. What is the units digit of b?
6
Let q(k) = -4*k**3 - 46*k**2 - 206*k - 62. What is the thousands digit of q(-15)?
6
Suppose 103*r - 2114320 = 765766. What is the ten thousands digit of r?
2
Let r = -14 - -118. Suppose -r = -3*n + 142. What is the tens digit of n?
8
Let k be (0 - 8)*(40 - -2). Let b = k + 535. What is the units digit of b?
9
Suppose c + 5*q + 11 = 0, -3*c + 8*q = 12*q + 22. What is the tens digit of (-54)/((-1036)/1176 + (-4)/c)?
5
Let l be 1 + 3/16*-4*-4. Suppose -3*d + 4041 = -0*z + 3*z, -d + 1327 = -l*z. What is the units digit of d?
3
Suppose -316*l + 13506181 + 4173882 + 11750913 = 0. What is the tens digit of l?
3
Suppose 6*f - 71 = -47. Suppose 5*r = -f*s + 1122, -9*r + 7*r + 4*s + 460 = 0. What is the tens digit of r?
2
Let l = 407 + -372. Suppose -46*c = -l*c - 4983. What is the tens digit of c?
5
Suppose 0 = 3*u, 2*v - 6 = 5*v + u. What is the hundreds digit of (-124)/(-6)*v*105/(-14)?
3
Let v(t) = -t**3 + 19*t**2 - 15*t - 54. Let r be v(18). Let s(w) = -w**2 - w + 460. What is the units digit of s(r)?
0
Suppose 0 = -2*n + 2*g - 2, 2*g - 10 = 2*n - 2*g. Suppose 0 = -n*q + 3*w + 24, -q = 2*q + 4*w - 52. Suppose -99 = x - q*x. What is the units digit of x?
9
Let i(p) = -358 + 137 + 159 + 126*p. What is the units digit of i(5)?
8
Suppose 27*o + 145 = -2*o. What is the tens digit of o*(-112 + 7 + -16)?
0
Suppose 8*s = -11*s + 38. Suppose 5*g - 5*u = 7*g - 1288, -s*u - 1951 = -3*g. What is the hundreds digit of g?
6
Let v = 6 + -1. Suppose -5*r = -3*w - 3*r - 10, 5*w + 25 = v*r. Suppose 4*u - 113 = -x, -8*x + 4*x + 4*u + 452 = w. What is the units digit of x?
3
What is the hundreds digit of 41673 - (-16 - (-17 - 6))?
6
Let q be (51/15 - 3)/((-4)/140). Let i(f) = 4*f**2 + 16*f - 19. Let n be i(q). Suppose 9*t + 64 - n = 0. What is the units digit of t?
3
What is the thousands digit of 28/(-266) + ((-954456)/(-114))/4?
2
Let n = 18389 - 9726. What is the thousands digit of n?
8
Let z = -74 - -161. Let n = 40 - z. Let a = n - -82. What is the units digit of a?
5
Let n be (66/4)/(-11) - (-26)/4. Suppose n*b = 4*f + 347, -4*f = 4*b - 5*b + 79. Let o = b - -82. What is the units digit of o?
9
Suppose 12*u - 160220 = -69207 + 63175. What is the thousands digit of u?
2
Suppose 3*y + 2*h = 4, 3*y + 4*h - 8 = -0*y. Let v = -173 - -174. Suppose -3*q - 757 = -4*j - y*j, -q + v = 0. What is the units digit of j?
0
Suppose 6*d - 25 = -1. Suppose 0*s - d*s + 24 = 0. Suppose 0 = 2*t - s*t + 276. What is the units digit of t?
9
Suppose 3 = -k, -k + 1296 - 135 = 4*w. Suppose 3*d - 4*r - 1468 = 0, d - 4*r = 354 + 138. Let i = d - w. What is the hundreds digit of i?
1
Let v(u) = 2*u**2 + 7*u + 8. Let o = -7 - -128. Let j = o + -131. What is the units digit of v(j)?
8
Let p(o) = o**3 + o**2 - o + 554. Let i be p(0). Suppose 4*a + 222 = 6*a + u, i = 5*a + 3*u. What is the tens digit of a?
1
Suppose 3*v + 2*q - 147776 = 0, -26*v - 49237 = -27*v - 5*q. What is the tens digit of v?
6
Let p(d) be the first derivative of 7*d**2/2 - 40*d + 71. What is the units digit of p(30)?
0
Let t(m) = 18*m + 18. Let g be t(-4). Let v be ((-138)/(-4) - 2) + g/36. Suppose -v*f = -35*f + 736. What is the units digit of f?
4
Let w be (1 + 7/2)*-4. Let p(c) be the second derivative of -c**5/20 - 17*c**4/12 + 13*c**3/6 + 4*c**2 + 12*c + 21. What is the tens digit of p(w)?
9
Let r(c) = -12*c**2 - 4*c - 1. Let v(u) = 6*u**2 + 2*u + 1. Let j(d) = 4*r(d) + 10*v(d). Let p be j(-6). Let i = -293 + p. What is the hundreds digit of i?
1
Suppose 2*y = 2*k - 1720, -5*k + 0*k + 4308 = -y. Let q = 41 + k. What is the tens digit of q?
0
Suppose 0 = h + 439 - 1722. Suppose -11*g - 1863 = h. Let x = g - -457. What is the units digit of x?
1
Let r(t) = 12*t**2 - 8*t + 32. Let b(q) = -27*q**2 + 17*q - 64. Let v(c) = 6*b(c) + 14*r(c). What is the units digit of v(10)?
4
Let n(c) = c**2 + 23*c - 11. Let z be n(-16). Let h = z + 344. What is the tens digit of h?
2
Let a be (-729)/15 - (-1)/((-5)/(-3)). Let h = a - -42. Let x(j) = -18*j - 8. What is the hundreds digit of x(h)?
1
Let a(l) = 22 - 14 + 5*l - 2*l + 7*l**2 + 4*l**2. What is the units digit of a(-6)?
6
Let j(t) = t**3 + 2*t**2 - 3*t + 25. Let m be j(0). Suppose p = m*p - 15792. What is the tens digit of p?
5
Suppose 154*o - 6594305 = -537947. What is the tens digit of o?
2
Suppose -4*z + 24 = 2*h, -2*z + 8 = -z + h. Let n be 60*((-3)/6)/(z/(-26)). Let c = n + -104. What is the units digit of c?
1
Suppose -115*k = -17*k - 2397668. What is the thousands digit of k?
4
Suppose -5*z = 2*x - 23 - 15, 2*z = 4. Let p be 40/x - (-12)/84. Suppose 0*m - p*m = -384. What is the hundreds digit of m?
1
Let p(t) = -2*t**2 - 21*t + 61. Let w be p(-13). Let q(u) = 46*u**2 - 7*u - 46. What is the hundreds digit of q(w)?
7
Let w(z) = z**2 + 10*z + 28. Let c be w(-4). Suppose 631 = g - 5*h, -h + 1207 = c*g - 2*g. What is the hundreds digit of g?
6
What is the thousands digit of ((-286)/(-429))/(2/(-4668)*12/(-246))?
1
Suppose 2*r = -3*o + 5293, 5*o - 3*r = 10053 - 1206. What is the hundreds digit of o?
7
What is the hundreds digit of 1*(-6 - (4/4*-4719 - 4))?
7
Let h be (54/(-36))/((-1)/30). Suppose -h*m + 43*m = -430. What is the tens digit of m?
1
Let j be 3/(15/(-20)*2). Let p be (-33)/(-11)*j*(-17)/6. What is the tens digit of (p/3)/(5/45)?
5
Suppose 4*b + 76379 = 5*k, -7944 = -k - 3*b + 7347. Suppose k = 13*j - 1387. What is the units digit of j?
2
Let f(h) = 3*h**2 + 8*h + 18. Let k(x) = 7*x + 11. Let c be k(-4). Let z be f(c). Suppose -3*d + 17 = -5*i - z, 5*i = -4*d + 963. What is the tens digit of d?
4
Let t = 7406 + 4419. What is the tens digit of t?
2
Suppose -5*o + 4*x = -59227, -10*x = 3*o - 40448 + 4887. What is the thousands digit of o?
1
Let a = -251 + 296. Let u = a + 92. What is the hundreds digit of u?
1
Suppose -3*d + 50 = 2*d. Suppose 6*a = d*a - 1320. Suppose -4*t + 2*t + a = 0. What is the hundreds digit of t?
1
Suppose 4*l = -2*f + 7*f + 18, 9 = -3*l. Let o(g) = -71*g + 56. What is the tens digit of o(f)?
8
Let y be 77/15 + 16/(-120). Let h be (-6)/(-2)*(-1 - (-60)/y). Suppose h*s - 37*s + 280 = 0. What is the tens digit of s?
7
Let n = -1171 + 645. Let z = -173 - n. What is the tens digit of z?
5
Let v(n) = 54*n - 109. Let i be v(5). Let y = 552 - i. What is the hundreds digit of y?
3
Let w = 2302 + -1349. Suppose s - w = -6*l + l, -772 = -4*l - 4*s. What is the tens digit of l?
9
Let c(i) = 829*i - 1249. What is the thousands digit of c(6)?
3
Let g(c) = -6*c**3 - 2*c**2 + 15*c + 23. Let d(i) = i**2 - 33*i - 114. Let h be d(36). What is the tens digit of g(h)?
5
Suppose 7*c = -58 - 810. Let f = c - 275. Let j = 598 + f. What is the hundreds digit of j?
1
Suppose -5*u + 2 = -13. Let d be -4 + 76/6*u. Let n = 86 - d. What is the units digit of n?
2
Let f = 191 - 188. Suppose 0 = -f*n + 13 - 1, 3*l - 1107 = -3*n. What is the units digit of l?
5
Suppose 3*t + 2*w - 17 = 0, 4*w + 0 = 16. Suppose -t*u = s - 8, -7*u + 48 = 3*s - 10*u. What is the units digit of s?
4
Suppose 4*p + q + q + 14 = 0, 5*p - 15 = 4*q. Let d be (168/20 + (-3)/(-5))*p. What is the units digit of (-404)/(-3) - (-5 + (-51)/d)?
4
Suppose 12*y + 4*a + 2 = 10*y, 4*a + 22 = 2*y. Suppose -2333 = y*l - 7*l + 5*v, -5*v + 1189 = l. What is the units digit of l?
4
Let t be 12/8 - (-2155)/(-10). Let b = -2 - t. What is the tens digit of b?
1
Let j be 120/70 - (0 + 2/(-7)). Suppose -8*v - 22 = j. What is the units digit of v + (2 - -93 - 4)?
8
Suppose 5*z + 2*g + 6808 = -7365, -3*z = -4*g + 8509. Let b = -2011 - z. What is the tens digit of b?
2
Let z = 22935 - 15177. What is the units digit of z?
8
Let t be 6 + (398 + 9 - 5). What is the tens digit of (137/3)/(17/t)?
9
What is the thousands digit of (-1020)/5610 + (2 - 248327/(-11))?
2
Suppose -5*w - 1 = 4, -5*w = -g - 1. Let x(n) = 0*n**3 - 6*n**2 - 4*n**2 - 1 - 7*n - 4*n**3 + 2*n**3. What is the hundreds digit of x(g)?
1